{"id":677,"date":"2021-11-17T18:49:42","date_gmt":"2021-11-17T18:49:42","guid":{"rendered":"https:\/\/vrhy.de\/?page_id=677"},"modified":"2021-11-17T18:55:43","modified_gmt":"2021-11-17T18:55:43","slug":"datenschutz","status":"publish","type":"page","link":"https:\/\/vrhy.de\/?page_id=677","title":{"rendered":"Datenschutz"},"content":{"rendered":"\t\t<div data-elementor-type=\"wp-page\" data-elementor-id=\"677\" class=\"elementor elementor-677\" data-elementor-settings=\"[]\">\n\t\t\t\t\t\t<div class=\"elementor-inner\">\n\t\t\t\t\t\t\t<div class=\"elementor-section-wrap\">\n\t\t\t\t\t\t\t<section class=\"elementor-section elementor-top-section elementor-element elementor-element-bfce47c elementor-section-full_width elementor-section-height-default elementor-section-height-default\" data-id=\"bfce47c\" data-element_type=\"section\" data-settings=\"{&quot;background_background&quot;:&quot;classic&quot;}\">\n\t\t\t\t\t\t<div class=\"elementor-container elementor-column-gap-default\">\n\t\t\t\t\t\t\t<div class=\"elementor-row\">\n\t\t\t\t\t<div class=\"elementor-column elementor-col-25 elementor-top-column elementor-element elementor-element-9a69130\" data-id=\"9a69130\" data-element_type=\"column\">\n\t\t\t<div class=\"elementor-column-wrap elementor-element-populated\">\n\t\t\t\t\t\t\t<div class=\"elementor-widget-wrap\">\n\t\t\t\t\t\t<div class=\"elementor-element elementor-element-e826af0 elementor-widget elementor-widget-image\" data-id=\"e826af0\" data-element_type=\"widget\" id=\"top\" data-widget_type=\"image.default\">\n\t\t\t\t<div class=\"elementor-widget-container\">\n\t\t\t\t\t\t\t\t<div class=\"elementor-image\">\n\t\t\t\t\t\t\t\t\t\t\t\t\t<a href=\"\/\">\n\t\t\t\t\t\t\t<img src=\"https:\/\/vrhy.de\/wp-content\/uploads\/2020\/05\/aionos.png\" title=\"aionos\" alt=\"aionos\" \/>\t\t\t\t\t\t\t\t<\/a>\n\t\t\t\t\t\t\t\t\t\t\t\t\t\t<\/div>\n\t\t\t\t\t\t<\/div>\n\t\t\t\t<\/div>\n\t\t\t\t\t\t<\/div>\n\t\t\t\t\t<\/div>\n\t\t<\/div>\n\t\t\t\t<div class=\"elementor-column elementor-col-25 elementor-top-column elementor-element elementor-element-9472ce4\" data-id=\"9472ce4\" data-element_type=\"column\">\n\t\t\t<div class=\"elementor-column-wrap\">\n\t\t\t\t\t\t\t<div class=\"elementor-widget-wrap\">\n\t\t\t\t\t\t\t\t<\/div>\n\t\t\t\t\t<\/div>\n\t\t<\/div>\n\t\t\t\t<div class=\"elementor-column elementor-col-25 elementor-top-column elementor-element elementor-element-7d6a1ef\" data-id=\"7d6a1ef\" data-element_type=\"column\">\n\t\t\t<div class=\"elementor-column-wrap\">\n\t\t\t\t\t\t\t<div class=\"elementor-widget-wrap\">\n\t\t\t\t\t\t\t\t<\/div>\n\t\t\t\t\t<\/div>\n\t\t<\/div>\n\t\t\t\t<div class=\"elementor-column elementor-col-25 elementor-top-column elementor-element elementor-element-f9c829d\" data-id=\"f9c829d\" data-element_type=\"column\">\n\t\t\t<div class=\"elementor-column-wrap\">\n\t\t\t\t\t\t\t<div class=\"elementor-widget-wrap\">\n\t\t\t\t\t\t\t\t<\/div>\n\t\t\t\t\t<\/div>\n\t\t<\/div>\n\t\t\t\t\t\t\t\t<\/div>\n\t\t\t\t\t<\/div>\n\t\t<\/section>\n\t\t\t\t<section class=\"elementor-section elementor-top-section elementor-element elementor-element-4e479e8 elementor-section-full_width elementor-hidden-mobile elementor-section-height-min-height elementor-section-height-default elementor-section-items-middle\" data-id=\"4e479e8\" data-element_type=\"section\" id=\"top\" data-settings=\"{&quot;background_background&quot;:&quot;classic&quot;}\">\n\t\t\t\t\t\t\t<div class=\"elementor-background-overlay\"><\/div>\n\t\t\t\t\t\t\t<div class=\"elementor-container elementor-column-gap-default\">\n\t\t\t\t\t\t\t<div class=\"elementor-row\">\n\t\t\t\t\t<div class=\"elementor-column elementor-col-100 elementor-top-column elementor-element elementor-element-e809d39\" data-id=\"e809d39\" data-element_type=\"column\">\n\t\t\t<div class=\"elementor-column-wrap elementor-element-populated\">\n\t\t\t\t\t\t\t<div class=\"elementor-widget-wrap\">\n\t\t\t\t\t\t<div class=\"elementor-element elementor-element-218758d elementor-widget elementor-widget-text-editor\" data-id=\"218758d\" data-element_type=\"widget\" data-widget_type=\"text-editor.default\">\n\t\t\t\t<div class=\"elementor-widget-container\">\n\t\t\t\t\t\t\t\t<div class=\"elementor-text-editor elementor-clearfix\">\n\t\t\t\t\t\t\t\t\t<\/div>\n\t\t\t\t\t\t<\/div>\n\t\t\t\t<\/div>\n\t\t\t\t\t\t<\/div>\n\t\t\t\t\t<\/div>\n\t\t<\/div>\n\t\t\t\t\t\t\t\t<\/div>\n\t\t\t\t\t<\/div>\n\t\t<\/section>\n\t\t\t\t<section class=\"elementor-section elementor-top-section elementor-element elementor-element-a9b2908 elementor-section-height-min-height elementor-section-items-bottom elementor-section-boxed elementor-section-height-default\" data-id=\"a9b2908\" data-element_type=\"section\" id=\"eigenschaften\">\n\t\t\t\t\t\t<div class=\"elementor-container elementor-column-gap-default\">\n\t\t\t\t\t\t\t<div class=\"elementor-row\">\n\t\t\t\t\t<div class=\"elementor-column elementor-col-100 elementor-top-column elementor-element elementor-element-a48dc75\" data-id=\"a48dc75\" data-element_type=\"column\">\n\t\t\t<div class=\"elementor-column-wrap elementor-element-populated\">\n\t\t\t\t\t\t\t<div class=\"elementor-widget-wrap\">\n\t\t\t\t\t\t<div class=\"elementor-element elementor-element-32e9362 elementor-widget elementor-widget-heading\" data-id=\"32e9362\" data-element_type=\"widget\" data-widget_type=\"heading.default\">\n\t\t\t\t<div class=\"elementor-widget-container\">\n\t\t\t<h2 class=\"elementor-heading-title elementor-size-default\">DATENSCHUTZ<\/h2>\t\t<\/div>\n\t\t\t\t<\/div>\n\t\t\t\t\t\t<\/div>\n\t\t\t\t\t<\/div>\n\t\t<\/div>\n\t\t\t\t\t\t\t\t<\/div>\n\t\t\t\t\t<\/div>\n\t\t<\/section>\n\t\t\t\t<section class=\"elementor-section elementor-top-section elementor-element elementor-element-185f9c8 elementor-section-boxed elementor-section-height-default elementor-section-height-default\" data-id=\"185f9c8\" data-element_type=\"section\">\n\t\t\t\t\t\t<div class=\"elementor-container elementor-column-gap-default\">\n\t\t\t\t\t\t\t<div class=\"elementor-row\">\n\t\t\t\t\t<div class=\"elementor-column elementor-col-100 elementor-top-column elementor-element elementor-element-6f41d15\" data-id=\"6f41d15\" data-element_type=\"column\">\n\t\t\t<div class=\"elementor-column-wrap elementor-element-populated\">\n\t\t\t\t\t\t\t<div class=\"elementor-widget-wrap\">\n\t\t\t\t\t\t<div class=\"elementor-element elementor-element-12bf870 elementor-widget elementor-widget-text-editor\" data-id=\"12bf870\" data-element_type=\"widget\" data-widget_type=\"text-editor.default\">\n\t\t\t\t<div class=\"elementor-widget-container\">\n\t\t\t\t\t\t\t\t<div class=\"elementor-text-editor elementor-clearfix\">\n\t\t\t\t<p><strong>Datenschutzrichtlinie<\/strong><\/p><p>Willkommen auf der \nWebseite von AionoMed. Unsere Webseite soll Ihnen Informationen \u00fcber \nunser Unternehmen und unsere Dienstleistungen pr\u00e4sentieren und bietet \nIhnen die M\u00f6glichkeit, Buchungen in unseren Apartments und \nFerienwohnungen vorzunehmen oder Gutscheine f\u00fcr Leistungen unserer \nApartments zu erwerben. Damit Sie wissen, was mit Ihren \npersonenbezogenen Daten geschieht, m\u00f6chten wir Ihnen erl\u00e4utern, wie wir \ndiese nutzen und welche Entscheidungen Sie \u00fcber die Art und Weise der \nErhebung und Nutzung Ihrer Daten treffen k\u00f6nnen. Verantwortlich f\u00fcr die \nVerarbeitung von Daten auf dieser Seite ist AionoMed (\u201eAionoMed\u201c, \u201euns\u201c \noder \u201ewir\u201c). Weitere Angaben finden Sie im Impressum.<\/p><ol><li><strong> Erhebung und Nutzung von Daten<\/strong><\/li><\/ol><p>1.1\n Beim Besuch unserer Webseite erfassen unsere Webserver vor\u00fcbergehend \ntechnische Details des Ger\u00e4tes, von dem aus Sie unsere Webseite \nbesuchen, wie beispielsweise verwendeter Browsertyp, installiertes \nBetriebssystem oder Ger\u00e4teeinstellungen. Dar\u00fcber hinaus erfassen wir \nIhre IP-Adresse und, sofern Sie unsere Webseite z.B. mit Ihrem \nMobiltelefon aufrufen, auch die individuelle Kennziffer Ihres Ger\u00e4tes \n(sog. Unique Device Identifier). Unser Webserver sammelt weiterhin \nbestimmte Daten, die das von Ihnen benutzte Webbrowserprogramm \nautomatisch \u00fcbermittelt.<\/p><p>Dazu geh\u00f6ren<br>\u2013 der Name Ihres Internet-Service-Providers,<br>\u2013 die Adresse der Webseite, von der aus Sie uns besuchen,<br>\u2013 die Unterseite der Webseite der AionoMed, die Sie besuchen, sowie<br>\u2013 Datum und Dauer Ihres Besuches.<br><br><\/p><p>1.2\n Bei unserer Webseite handelt es sich auch um eine \nInformationsplattform, \u00fcber die wir Ihre Anfragen beantworten m\u00f6chten. \nUm die Kontaktaufnahme pers\u00f6nlicher gestalten zu k\u00f6nnen, haben Sie die \nM\u00f6glichkeit, uns \u00fcber das Kontaktformular Ihren Namen, Ihre Anschrift \nsowie Ihre E-Mail-Adresse mitzuteilen. Informationen k\u00f6nnen Sie aber \nnat\u00fcrlich auch nur unter Benutzung einer E-Mail-Adresse erhalten.<\/p><p>1.3\n Wenn Sie Bestellungen oder Buchungen \u00fcber unsere Webseite oder sonst \nanderweitig (z.B. telefonisch) ausf\u00fchren, nehmen wir in der Regel im \nRahmen des Bestellvorgangs personenbezogene Angaben wie Name, Anschrift,\n ggfs. Gew\u00fcnschte Versandadresse, E-Mail-Adresse, Telefonnummer, \nKreditkartennummer und Bankverbindung auf. Wenn Sie hierbei ein \nKundenkonto anlegen, werden wir Sie au\u00dferdem auffordern, hierf\u00fcr ein \nindividuelles Passwort zu vergeben.<\/p><p>1.4 W\u00e4hrend Ihres Aufenthalts \nspeichern wir zudem weitere Daten, wie beispielsweise Informationen \u00fcber\n Rechnungen in unseren Servicebereich oder \u00fcber Wellnessaufenthalte, \nsowie \u00fcber Ihre Kritik, \u00c4u\u00dferungen und W\u00fcnsche.<\/p><ol start=\"2\"><li><strong> Zwecke, f\u00fcr die wir Ihre Daten verwenden<\/strong><\/li><\/ol><p>Wir\n verwenden Ihre personenbezogenen Daten, um Ihnen den Besuch unserer \nWebseite zu erm\u00f6glichen (Verbindungsaufbau) und um auf Grundlage der \nautomatisch \u00fcbermittelten Daten (siehe Ziffer 1.1) anonyme \nNutzungsstatistiken zu erstellen, die es uns erm\u00f6glichen, die Nutzung \nunserer Webseite nachzuvollziehen und diese bedarfs- und \nzielgruppengerechter auszugestalten.<\/p><p>(1) Zudem erfolgt die \nVerarbeitung der Daten, um Ihre Kontaktanfragen zu beantworten, \nBestellungen oder Buchungen durchzuf\u00fchren und unsere Leistungen im \nHinblick auf Ihre W\u00fcnsche auszurichten. Dar\u00fcber hinaus erm\u00f6glichen wir \nIhnen den Zugang zu unserer Mediadatenbank, wenn Sie dies angefordert \nhaben.<\/p><p>(2) Bei Bedarf k\u00f6nnen wir Ihre Daten auch zur Durchsetzung unserer Rechte oder Rechte Dritter verwenden.<\/p><p>(3) Wir verwenden Ihre personenbezogenen Daten au\u00dferdem zu werblichen Zwecken, wie beispielsweise zum Versand von Brosch\u00fcren.<\/p><p>(4) Mit Ihrer Zustimmung verwenden&nbsp;wir Ihre Daten zum Versand von E-Mail-Newslettern.<\/p><ol start=\"3\"><li><strong> Weitergabe Ihrer Daten an Dritte<\/strong><\/li><\/ol><p>3.1\n Im Zusammenhang mit der Abwicklung von Bestellungen und Buchungen \n\u00fcbermitteln wir personenbezogene Daten an Dienstleister, die uns bei der\n Abwicklung unterst\u00fctzen. Dies betrifft insbesondere Anbieter von \nKreditkartenabrechnungs-Services, soweit die Daten\u00fcbermittlung zur \nAbwicklung der Bezahlung erforderlich ist.<\/p><ol start=\"4\"><li><strong> Cookies<\/strong><\/li><\/ol><p>Wir\n setzen auf unserer Webseite Cookies (_ga: Google-Analytics \/ _gat: \nGoogle-Analytics \/ _gid: Google-Analytics \/ cookieconsent_status ) ein. \nDies dient vor allem dazu, Ihren Online-Besuch angenehmer und \nindividueller zu gestalten.<\/p><p>4.1 Cookies sind kleine, oft \nverschl\u00fcsselte Textdateien, die in Ihrem Browserverzeichnis gespeichert \nwerden. \u00dcber Cookies ist es m\u00f6glich, Sie als einen bestimmten Kunden zu \nidentifizieren und Ihre pers\u00f6nlichen Pr\u00e4ferenzen bei der Nutzung unserer\n Webseite, aber auch technische Informationen, zu speichern. Dies hat \nf\u00fcr Sie vor allem den Vorteil, dass Sie die in den Cookies enthaltenen \nInformationen nicht bei jedem Besuch unserer Webseite erneut einzugeben \nbrauchen. F\u00fcr sich gesehen beinhalten oder enth\u00fcllen Cookies nicht \nzwingend personenbezogene Informationen. Wenn Sie jedoch auf unserer \nWebseite personenbezogene Informationen eingeben, k\u00f6nnen diese mit den \nin den Cookies gespeicherten Daten verkn\u00fcpft werden. Betreiber anderer \nWebseiten haben jedoch keinen Zugriff auf diese Dateien.<\/p><p>4.2 F\u00fcr \nunsere Webseite verwenden wir au\u00dferdem Google Analytics. Dabei handelt \nes sich um einen durch Google Inc. angebotenen Webanalysedienst, mit dem\n detaillierte Statistiken \u00fcber den Traffic einer Webseite und die \nTraffic-Quellen generiert werden k\u00f6nnen. Wir nutzen Google Analytics \nausschlie\u00dflich zu statistischen Zwecken, beispielsweise um \nnachzuvollziehen, wie viele Nutzer eine bestimmte Produktinformation \nangeklickt haben. Google Analytics basiert auf Cookie-Technologie und \nerfasst Informationen \u00fcber Ihre Nutzung unserer Webseite einschlie\u00dflich \nIhrer IP-Adresse. Damit \u00fcber die IP-Adresse keine Nutzeridentifikation \nstattfindet, haben wir einen speziellen Code implementiert, der \nsicherstellt, dass Ihre IP-Adresse nur in verk\u00fcrzter und damit \nanonymisierter Form erfasst wird. Eine Identifikation einzelner Nutzer \nist \u00fcber diese verk\u00fcrzte IP-Adresse nicht mehr m\u00f6glich. Die von Google \nAnalytics erfassten Informationen werden an Google Inc. mit Sitz in den \nUSA weitergeleitet. Goolge Inc. ist unter dem US Privacy Shield selbst \nzertifiziert, um ein nach EU-Recht angemessenes Datenschutzniveau zu \ngew\u00e4hrleisten. Sie k\u00f6nnen die Erfassung und Weiterleitung dieser \nInformationen an Google Inc. verhindern, indem Sie das unter dem \nfolgenden Link verf\u00fcgbare Browser-Plugin herunterladen und installieren:\n tools.google.com\/dlpage\/gaoptout.<\/p><p>4.3 Die Grundeinstellungen der \nmeisten Browser sehen vor, dass Cookies akzeptiert werden. Sie k\u00f6nnen \ndie Benutzung von Cookies in den Einstellungen Ihres jeweiligen \nBrowserprogramms v\u00f6llig abschalten, das Setzen bestimmter Cookies \nablehnen oder sich \u00fcber jedes Setzen eines Cookies benachrichtigen \nlassen. Weitere Informationen zu diesen Einstellungen finden Sie zum \nBeispiel unter der \u201eHilfe\u201c-Rubrik Ihres Browsers. Da beispielsweise die \nLogin-Funktion f\u00fcr Ihr Kundenkonto auf Cookie-Technologie basiert, ist \nes m\u00f6glich, dass einige Bereiche unserer Webseite nicht ordnungsgem\u00e4\u00df \nfunktionieren, wenn Ihr Browser so eingestellt ist, dass die Annahme von\n Cookies verweigert wird.<\/p><ol start=\"5\"><li><strong> Aufbewahrung von Daten<\/strong><\/li><\/ol><p>Wir\n speichern personenbezogene Daten nur so lange, wie es f\u00fcr die \nErbringung der von Ihnen gew\u00fcnschten Leistungen oder zur Erf\u00fcllung \ngesetzlicher Aufbewahrungsfristen erforderlich ist.<\/p><p>5.1 Daten, die\n beim Surfen auf unserer Webseite erhoben werden (siehe Ziffer 1.1) und \ndie rechtlich als personenbezogene Daten gelten k\u00f6nnen (wie z.B. die \nvollst\u00e4ndige IP-Adresse), werden f\u00fcr einen Zeitraum von 14 Tagen \ngespeichert, es sei denn, ein au\u00dfergew\u00f6hnlicher Vorfall, wie \nbeispielsweise ein Hackerangriff, erfordert eine l\u00e4ngerer Speicherdauer.<\/p><p>5.2\n Personenbezogene Daten, die bei einer Buchung entstehen, werden f\u00fcr die\n Dauer von maximal 10 Jahren aufbewahrt. Wenn Sie einen Newsletter \nabonnieren, speichern wir die entsprechenden Daten mindestens bis zur \nAbmeldung.<\/p><p>5.3 Daten ohne Personenbezug k\u00f6nnen dauerhaft gespeichert werden.<\/p><ol start=\"6\"><li><strong> Ihre Rechte<\/strong><\/li><\/ol><p>6.1\n Um Ihre personenbezogenen Daten, die wir \u00fcber unserer Webseite oder \nanderweitig erhoben haben, einzusehen, l\u00f6schen, aktualisieren oder \neinschr\u00e4nken zu lassen, k\u00f6nnen Sie uns jederzeit per E-Mail oder \ntelefonisch kontaktieren. Unsere Kontaktdaten finden Sie am Ende dieser \nRichtlinie und im Impressum. Dasselbe gilt, wenn Sie weitere Fragen zu \nden Daten, die wir \u00fcber Sie gespeichert haben, oder zu deren Verwendung \nhaben.<\/p><p>6.2 W\u00fcnschen Sie eine L\u00f6schung Ihrer Daten, werden diese \numgehend von unseren Systemen entfernt, sofern wir nicht beispielsweise \naufgrund steuerrechtlicher oder handelsrechtlicher \nAufbewahrungspflichten zur weiteren Speicherung Ihrer Daten verpflichtet\n sind. In einem solchen Fall werden wir sicherstellen, dass Ihre Daten \nf\u00fcr andere Zwecke gesperrt werden.<\/p><p>6.3 Dar\u00fcber hinaus k\u00f6nnen Sie \nsich jederzeit an uns wenden und in begr\u00fcndeten F\u00e4llen der Verarbeitung \npersonenbezogener Daten, die Sie betreffen,&nbsp;<strong>widersprechen<\/strong>.\n Dies gilt insbesondere f\u00fcr die Erhebung Ihrer Daten zur statistischen \nErfassung unserer Web-Nutzer durch Google Analytics sowie f\u00fcr \nWerbezwecke.<\/p><p>6.4 Wenn Sie in die Nutzung Ihrer pers\u00f6nlichen Daten \nzu Werbezwecken eingewilligt haben, k\u00f6nnen Sie Ihre einmal erteilte \nEinwilligung jederzeit mit Wirkung f\u00fcr die Zukunft widerrufen.<\/p><ol start=\"7\"><li><strong> Verlinkungen auf andere Webseiten<\/strong><\/li><\/ol><p>Unsere\n Webseite enth\u00e4lt Links zu Webseiten, die von Dritten Anbietern \nbetrieben werden, unter anderem auch zu sozialen Netzwerken wie \nFacebook, Twitter oder Pinterest. Diese Datenschutzrichtlinie findet auf\n die Erhebung, Verarbeitung und Nutzung personenbezogener Daten durch \nsolche Dritten keine Anwendung. Bitte beachten Sie, dass wir weder f\u00fcr \ndie Inhalte fremder Webseiten noch f\u00fcr die dortige Einhaltung der \ndatenschutzrechtlichen Anforderungen Verantwortung \u00fcbernehmen k\u00f6nnen. \nWir empfehlen Ihnen daher, die dortigen Bestimmungen zum Datenschutz zu \npr\u00fcfen.<\/p><ol start=\"8\"><li><strong> \u00c4nderung dieser Datenschutzrichtlinie<\/strong>Falls\n diese Datenschutzrichtlinie inhaltlich ge\u00e4ndert wird, werden Sie die \n\u00c4nderungen auf dieser Seite finden. Damit Sie stets wissen, welche \nInformationen wir sammeln und wie wir sie nutzen, werden wir auch \u00e4ltere\n Fassungen der Datenschutzrichtlinie unter Angabe ihrer G\u00fcltigkeitsdauer\n hier bereithalten.<br><br><\/li><li><strong> Kontakt<\/strong><\/li><\/ol><p>Sollten\n Sie Fragen zu dieser Datenschutzrichtlinie oder zur Verwendung \npersonenbezogener Daten durch uns haben, k\u00f6nnen Sie sich jederzeit \nschriftlich oder per E-Mail (info(at)AionoMed.info) an uns wenden.<\/p><p>Datum der letzten Aktualisierung: 02. Januar 2021<\/p><p>Rechtsgrundlage ist Art. 6 Abs. 1 lit. a) der EU-Datenschutz-Grundverordnung (im Folgenden: DSGVO).<\/p>\t\t\t\t\t<\/div>\n\t\t\t\t\t\t<\/div>\n\t\t\t\t<\/div>\n\t\t\t\t\t\t<\/div>\n\t\t\t\t\t<\/div>\n\t\t<\/div>\n\t\t\t\t\t\t\t\t<\/div>\n\t\t\t\t\t<\/div>\n\t\t<\/section>\n\t\t\t\t<section class=\"elementor-section elementor-top-section elementor-element elementor-element-1af9d2c elementor-section-height-min-height elementor-section-boxed elementor-section-height-default elementor-section-items-middle\" data-id=\"1af9d2c\" data-element_type=\"section\" data-settings=\"{&quot;background_background&quot;:&quot;classic&quot;}\">\n\t\t\t\t\t\t<div class=\"elementor-container elementor-column-gap-default\">\n\t\t\t\t\t\t\t<div class=\"elementor-row\">\n\t\t\t\t\t<div class=\"elementor-column elementor-col-33 elementor-top-column elementor-element elementor-element-acb04da\" data-id=\"acb04da\" data-element_type=\"column\">\n\t\t\t<div class=\"elementor-column-wrap elementor-element-populated\">\n\t\t\t\t\t\t\t<div class=\"elementor-widget-wrap\">\n\t\t\t\t\t\t<div class=\"elementor-element elementor-element-6651d4d elementor-widget elementor-widget-text-editor\" data-id=\"6651d4d\" data-element_type=\"widget\" data-widget_type=\"text-editor.default\">\n\t\t\t\t<div class=\"elementor-widget-container\">\n\t\t\t\t\t\t\t\t<div class=\"elementor-text-editor elementor-clearfix\">\n\t\t\t\t<p>\u00a9 2020 AionoMed Ltd.<\/p>\t\t\t\t\t<\/div>\n\t\t\t\t\t\t<\/div>\n\t\t\t\t<\/div>\n\t\t\t\t\t\t<\/div>\n\t\t\t\t\t<\/div>\n\t\t<\/div>\n\t\t\t\t<div class=\"elementor-column elementor-col-33 elementor-top-column elementor-element elementor-element-0ec264f\" data-id=\"0ec264f\" data-element_type=\"column\">\n\t\t\t<div class=\"elementor-column-wrap elementor-element-populated\">\n\t\t\t\t\t\t\t<div class=\"elementor-widget-wrap\">\n\t\t\t\t\t\t<div class=\"elementor-element elementor-element-7ec1801 elementor-align-center elementor-widget elementor-widget-button\" data-id=\"7ec1801\" data-element_type=\"widget\" data-widget_type=\"button.default\">\n\t\t\t\t<div class=\"elementor-widget-container\">\n\t\t\t\t\t<div class=\"elementor-button-wrapper\">\n\t\t\t<a href=\"#top\" class=\"elementor-button-link elementor-button elementor-size-sm\" role=\"button\">\n\t\t\t\t\t\t<span class=\"elementor-button-content-wrapper\">\n\t\t\t\t\t\t<span class=\"elementor-button-icon elementor-align-icon-left\">\n\t\t\t\t<i aria-hidden=\"true\" class=\"fas fa-angle-up\"><\/i>\t\t\t<\/span>\n\t\t\t\t\t\t<span class=\"elementor-button-text\">nach oben<\/span>\n\t\t<\/span>\n\t\t\t\t\t<\/a>\n\t\t<\/div>\n\t\t\t\t<\/div>\n\t\t\t\t<\/div>\n\t\t\t\t\t\t<\/div>\n\t\t\t\t\t<\/div>\n\t\t<\/div>\n\t\t\t\t<div class=\"elementor-column elementor-col-33 elementor-top-column elementor-element elementor-element-4ad5364\" data-id=\"4ad5364\" data-element_type=\"column\">\n\t\t\t<div class=\"elementor-column-wrap elementor-element-populated\">\n\t\t\t\t\t\t\t<div class=\"elementor-widget-wrap\">\n\t\t\t\t\t\t<div class=\"elementor-element elementor-element-acc29bd elementor-nav-menu--indicator-classic elementor-nav-menu--dropdown-tablet elementor-nav-menu__text-align-aside elementor-nav-menu--toggle elementor-nav-menu--burger elementor-widget elementor-widget-nav-menu\" data-id=\"acc29bd\" data-element_type=\"widget\" data-settings=\"{&quot;layout&quot;:&quot;horizontal&quot;,&quot;toggle&quot;:&quot;burger&quot;}\" data-widget_type=\"nav-menu.default\">\n\t\t\t\t<div class=\"elementor-widget-container\">\n\t\t\t\t\t\t<nav role=\"navigation\" class=\"elementor-nav-menu--main elementor-nav-menu__container elementor-nav-menu--layout-horizontal e--pointer-underline e--animation-fade\"><ul id=\"menu-1-acc29bd\" class=\"elementor-nav-menu\"><li class=\"menu-item menu-item-type-post_type menu-item-object-page menu-item-557\"><a href=\"https:\/\/vrhy.de\/?page_id=355\" class=\"elementor-item\">Impressum<\/a><\/li>\n<li class=\"menu-item menu-item-type-post_type menu-item-object-page menu-item-685\"><a href=\"https:\/\/vrhy.de\/?page_id=677\" class=\"elementor-item\">Datenschutz<\/a><\/li>\n<\/ul><\/nav>\n\t\t\t\t\t<div class=\"elementor-menu-toggle\" role=\"button\" tabindex=\"0\" aria-label=\"Menu Toggle\" aria-expanded=\"false\">\n\t\t\t<i class=\"eicon-menu-bar\" aria-hidden=\"true\"><\/i>\n\t\t\t<span class=\"elementor-screen-only\">Menu<\/span>\n\t\t<\/div>\n\t\t\t<nav class=\"elementor-nav-menu--dropdown elementor-nav-menu__container\" role=\"navigation\" aria-hidden=\"true\"><ul id=\"menu-2-acc29bd\" class=\"elementor-nav-menu\"><li class=\"menu-item menu-item-type-post_type menu-item-object-page menu-item-557\"><a href=\"https:\/\/vrhy.de\/?page_id=355\" class=\"elementor-item\">Impressum<\/a><\/li>\n<li class=\"menu-item menu-item-type-post_type menu-item-object-page menu-item-685\"><a href=\"https:\/\/vrhy.de\/?page_id=677\" class=\"elementor-item\">Datenschutz<\/a><\/li>\n<\/ul><\/nav>\n\t\t\t\t<\/div>\n\t\t\t\t<\/div>\n\t\t\t\t\t\t<\/div>\n\t\t\t\t\t<\/div>\n\t\t<\/div>\n\t\t\t\t\t\t\t\t<\/div>\n\t\t\t\t\t<\/div>\n\t\t<\/section>\n\t\t\t\t\t\t<\/div>\n\t\t\t\t\t\t<\/div>\n\t\t\t\t\t<\/div>\n\t\t","protected":false},"excerpt":{"rendered":"<p>DATENSCHUTZ Datenschutzrichtlinie Willkommen auf der Webseite von AionoMed. Unsere Webseite soll Ihnen Informationen \u00fcber unser Unternehmen und unsere Dienstleistungen pr\u00e4sentieren und bietet Ihnen die M\u00f6glichkeit, Buchungen in unseren Apartments und Ferienwohnungen vorzunehmen oder Gutscheine f\u00fcr Leistungen unserer Apartments zu erwerben. Damit Sie wissen, was mit Ihren personenbezogenen Daten geschieht, m\u00f6chten wir Ihnen erl\u00e4utern, wie wir &hellip; <\/p>\n<p class=\"link-more\"><a href=\"https:\/\/vrhy.de\/?page_id=677\" class=\"more-link\"><span class=\"screen-reader-text\">\u201eDatenschutz\u201c<\/span> weiterlesen<\/a><\/p>\n","protected":false},"author":2,"featured_media":0,"parent":0,"menu_order":0,"comment_status":"closed","ping_status":"closed","template":"elementor_canvas","meta":[],"_links":{"self":[{"href":"https:\/\/vrhy.de\/index.php?rest_route=\/wp\/v2\/pages\/677"}],"collection":[{"href":"https:\/\/vrhy.de\/index.php?rest_route=\/wp\/v2\/pages"}],"about":[{"href":"https:\/\/vrhy.de\/index.php?rest_route=\/wp\/v2\/types\/page"}],"author":[{"embeddable":true,"href":"https:\/\/vrhy.de\/index.php?rest_route=\/wp\/v2\/users\/2"}],"replies":[{"embeddable":true,"href":"https:\/\/vrhy.de\/index.php?rest_route=%2Fwp%2Fv2%2Fcomments&post=677"}],"version-history":[{"count":10,"href":"https:\/\/vrhy.de\/index.php?rest_route=\/wp\/v2\/pages\/677\/revisions"}],"predecessor-version":[{"id":688,"href":"https:\/\/vrhy.de\/index.php?rest_route=\/wp\/v2\/pages\/677\/revisions\/688"}],"wp:attachment":[{"href":"https:\/\/vrhy.de\/index.php?rest_route=%2Fwp%2Fv2%2Fmedia&parent=677"}],"curies":[{"name":"wp","href":"https:\/\/api.w.org\/{rel}","templated":true}]}}